{"id":8488,"date":"2023-10-12T14:35:03","date_gmt":"2023-10-12T07:35:03","guid":{"rendered":"https:\/\/heza.gov.vn\/?page_id=8488"},"modified":"2023-11-29T09:36:35","modified_gmt":"2023-11-29T02:36:35","slug":"thong-tin-ve-bao-ve-moi-truong","status":"publish","type":"page","link":"https:\/\/heza.gov.vn\/?page_id=8488","title":{"rendered":"Th\u00f4ng tin v\u1ec1 b\u1ea3o v\u1ec7 m\u00f4i tr\u01b0\u1eddng"},"content":{"rendered":"\t\t<div data-elementor-type=\"wp-page\" data-elementor-id=\"8488\" class=\"elementor elementor-8488\">\n\t\t\t\t\t\t<section class=\"elementor-section elementor-top-section elementor-element elementor-element-ccb3049 elementor-section-full_width elementor-section-height-default elementor-section-height-default\" data-id=\"ccb3049\" data-element_type=\"section\">\n\t\t\t\t\t\t<div class=\"elementor-container elementor-column-gap-default\">\n\t\t\t\t\t<div class=\"elementor-column elementor-col-100 elementor-top-column elementor-element elementor-element-101ec73\" data-id=\"101ec73\" data-element_type=\"column\">\n\t\t\t<div class=\"elementor-widget-wrap elementor-element-populated\">\n\t\t\t\t\t\t<div class=\"elementor-element elementor-element-f77f0ca elementor-widget elementor-widget-onenine-banner-image-carousel\" data-id=\"f77f0ca\" data-element_type=\"widget\" data-settings=\"{&quot;slidesToShow&quot;:2,&quot;slidesToShow_tablet&quot;:2,&quot;slidesToScroll_tablet&quot;:2,&quot;slidesToShow_mobile&quot;:1,&quot;slidesToScroll&quot;:1,&quot;slidesToScroll_mobile&quot;:1,&quot;autoplay_speed&quot;:1000}\" data-widget_type=\"onenine-banner-image-carousel.default\">\n\t\t\t\t<div class=\"elementor-widget-container\">\n\t\t\t\t\t\t\t\t<div class=\"onenine-banner onenine-banner-image-carousel onenine-swiper-carousel-elementor navigation-arrows navigation-tablet-arrows navigation-mobile-none\">\n\t\t\t\t<div class=\"swiper-container\">\n\t\t\t\t\t<div class=\"swiper-wrapper\">\n\t\t\t\t\t\t\t\t\t\t\t\t\t<div class=\"elementor-repeater-item-00ecec8 item-slider swiper-slide\">\n\n    <div class=\"onenine-banner__featured-image\">\n        <img decoding=\"async\"\n            alt=\"Danh s\u00e1ch d\u1ef1 \u00e1n \u0111\u1ec1 ngh\u1ecb c\u1ea5p Gi\u1ea5y ph\u00e9p m\u00f4i tr\u01b0\u1eddng\"\n            src=\"https:\/\/heza.gov.vn\/wp-content\/uploads\/2023\/10\/DuAnDeXuat.jpg\"\n            class=\"hidden\"\n        \/>\n    <\/div>\n\n<div class=\"onenine-banner__overlay\"><\/div>\n\t\t\t\t\t\t\t\t<a href=\"https:\/\/heza.gov.vn\/cat_tt\/danh-sach-du-an-de-nghi-cap-giay-phep-moi-truong-2\/\" class=\"onenine-banner__button-link\"><\/a>\t\t\t\t\t\t\t\t<div class=\"onenine-banner__wrapper\">\n\t\t\t\t\t\t\t\t\t<div class=\"onenine-banner__content\">\n\t\t\t\t\t\t\t\t\t\t<h4 class=\"onenine-banner__title\">Danh s\u00e1ch d\u1ef1 \u00e1n \u0111\u1ec1 ngh\u1ecb c\u1ea5p Gi\u1ea5y ph\u00e9p m\u00f4i tr\u01b0\u1eddng<\/h4>\n\t\t\t\t\t\t\t\t\t\t\t\t\t\t\t\t\t\t\t<\/div>\n\t\t\t\t\t\t\t\t<\/div>\n\t\t\t\t\t\t\t<\/div>\n\t\t\t\t\t\t\t\t\t\t\t\t\t<div class=\"elementor-repeater-item-c116a46 item-slider swiper-slide\">\n\n    <div class=\"onenine-banner__featured-image\">\n        <img decoding=\"async\"\n            alt=\"Danh s\u00e1ch d\u1ef1 \u00e1n \u0111\u00e3 \u0111\u01b0\u1ee3c c\u1ea5p Gi\u1ea5y ph\u00e9p m\u00f4i tr\u01b0\u1eddng\n\"\n            src=\"https:\/\/heza.gov.vn\/wp-content\/uploads\/2023\/10\/DuAnDaCap.jpg\"\n            class=\"hidden\"\n        \/>\n    <\/div>\n\n<div class=\"onenine-banner__overlay\"><\/div>\n\t\t\t\t\t\t\t\t<a href=\"https:\/\/heza.gov.vn\/cat_tt\/danh-sach-du-an-duoc-cap-phep-giay-phep-moi-truong\/\" class=\"onenine-banner__button-link\"><\/a>\t\t\t\t\t\t\t\t<div class=\"onenine-banner__wrapper\">\n\t\t\t\t\t\t\t\t\t<div class=\"onenine-banner__content\">\n\t\t\t\t\t\t\t\t\t\t<h4 class=\"onenine-banner__title\">Danh s\u00e1ch d\u1ef1 \u00e1n \u0111\u00e3 \u0111\u01b0\u1ee3c c\u1ea5p Gi\u1ea5y ph\u00e9p m\u00f4i tr\u01b0\u1eddng\n<\/h4>\n\t\t\t\t\t\t\t\t\t\t\t\t\t\t\t\t\t\t\t<\/div>\n\t\t\t\t\t\t\t\t<\/div>\n\t\t\t\t\t\t\t<\/div>\n\t\t\t\t\t\t\t\t\t\t\t\t<div class=\"swiper-pagination\"><\/div>\n\t\t\t\t\t<\/div>\n\t\t\t\t<span class=\"onenine-svg-icon onenine-svg-icon--chevron-left onenine-swiper-button-prev onenine-swiper-button\" ><svg width=\"24\" height=\"24\" aria-hidden=\"true\" role=\"img\" focusable=\"false\" viewBox=\"0 0 21 32\"><path d=\"M14.584 2.111l-11.778 11.917c-0.26 0.258-0.467 0.565-0.608 0.904s-0.214 0.702-0.214 1.068c0 0.367 0.073 0.73 0.214 1.068s0.348 0.646 0.608 0.904l11.778 11.778c0.258 0.261 0.565 0.467 0.904 0.608s0.702 0.214 1.068 0.214 0.73-0.073 1.068-0.214c0.338-0.141 0.646-0.347 0.904-0.608 0.517-0.52 0.808-1.224 0.808-1.958s-0.29-1.438-0.808-1.958l-9.833-9.833 9.833-9.833c0.513-0.517 0.802-1.216 0.806-1.944 0.002-0.366-0.068-0.728-0.206-1.066s-0.342-0.646-0.599-0.906c-0.249-0.27-0.549-0.487-0.882-0.64s-0.694-0.239-1.061-0.251c-0.367-0.013-0.732 0.047-1.076 0.176s-0.658 0.325-0.925 0.577z\"><\/path><\/svg><\/span><span class=\"onenine-svg-icon onenine-svg-icon--chevron-right onenine-swiper-button-next onenine-swiper-button\" ><svg width=\"24\" height=\"24\" aria-hidden=\"true\" role=\"img\" focusable=\"false\" viewBox=\"0 0 21 32\"><path d=\"M6.75 29.889l11.778-11.917c0.26-0.258 0.467-0.565 0.608-0.904s0.214-0.702 0.214-1.068c0-0.367-0.073-0.73-0.214-1.068s-0.348-0.646-0.608-0.904l-11.778-11.778c-0.258-0.26-0.565-0.467-0.904-0.608s-0.702-0.214-1.068-0.214c-0.367 0-0.73 0.073-1.068 0.214s-0.646 0.348-0.904 0.608c-0.517 0.52-0.808 1.224-0.808 1.958s0.29 1.438 0.808 1.958l9.833 9.833-9.833 9.833c-0.513 0.517-0.803 1.216-0.806 1.944-0.002 0.366 0.068 0.728 0.206 1.066s0.342 0.646 0.599 0.906c0.249 0.27 0.549 0.487 0.882 0.64s0.694 0.239 1.061 0.251c0.367 0.013 0.732-0.047 1.076-0.176s0.658-0.325 0.925-0.577z\"><\/path><\/svg><\/span>\t\t\t\t<\/div>\n\t\t\t<\/div>\n\t\t\t\t\t\t<\/div>\n\t\t\t\t<\/div>\n\t\t\t\t\t<\/div>\n\t\t<\/div>\n\t\t\t\t\t<\/div>\n\t\t<\/section>\n\t\t\t\t<\/div>\n\t\t","protected":false},"excerpt":{"rendered":"<p>Danh s\u00e1ch d\u1ef1 \u00e1n \u0111\u1ec1 ngh\u1ecb c\u1ea5p Gi\u1ea5y ph\u00e9p m\u00f4i tr\u01b0\u1eddng Danh s\u00e1ch d\u1ef1 \u00e1n \u0111\u00e3 \u0111\u01b0\u1ee3c c\u1ea5p Gi\u1ea5y ph\u00e9p m\u00f4i tr\u01b0\u1eddng<\/p>\n","protected":false},"author":1,"featured_media":0,"parent":0,"menu_order":0,"comment_status":"closed","ping_status":"closed","template":"","meta":{"_acf_changed":false,"footnotes":""},"class_list":["post-8488","page","type-page","status-publish","hentry"],"acf":[],"featured_image_url":null,"_links":{"self":[{"href":"https:\/\/heza.gov.vn\/index.php?rest_route=\/wp\/v2\/pages\/8488","targetHints":{"allow":["GET"]}}],"collection":[{"href":"https:\/\/heza.gov.vn\/index.php?rest_route=\/wp\/v2\/pages"}],"about":[{"href":"https:\/\/heza.gov.vn\/index.php?rest_route=\/wp\/v2\/types\/page"}],"author":[{"embeddable":true,"href":"https:\/\/heza.gov.vn\/index.php?rest_route=\/wp\/v2\/users\/1"}],"replies":[{"embeddable":true,"href":"https:\/\/heza.gov.vn\/index.php?rest_route=%2Fwp%2Fv2%2Fcomments&post=8488"}],"version-history":[{"count":0,"href":"https:\/\/heza.gov.vn\/index.php?rest_route=\/wp\/v2\/pages\/8488\/revisions"}],"wp:attachment":[{"href":"https:\/\/heza.gov.vn\/index.php?rest_route=%2Fwp%2Fv2%2Fmedia&parent=8488"}],"curies":[{"name":"wp","href":"https:\/\/api.w.org\/{rel}","templated":true}]}}