{"id":1023,"date":"2023-05-29T00:33:52","date_gmt":"2023-05-28T17:33:52","guid":{"rendered":"https:\/\/onenine.pro\/demo\/heza\/?page_id=1023"},"modified":"2025-12-26T14:57:01","modified_gmt":"2025-12-26T07:57:01","slug":"nguoi-phat-ngon-va-cung-cap-thong-tin-bao-chi","status":"publish","type":"page","link":"https:\/\/heza.gov.vn\/?page_id=1023","title":{"rendered":"Ng\u01b0\u1eddi ph\u00e1t ng\u00f4n v\u00e0 cung c\u1ea5p th\u00f4ng tin b\u00e1o ch\u00ed"},"content":{"rendered":"\t\t<div data-elementor-type=\"wp-page\" data-elementor-id=\"1023\" class=\"elementor elementor-1023\">\n\t\t\t\t\t\t<section class=\"elementor-section elementor-top-section elementor-element elementor-element-f284a18 elementor-section-stretched elementor-section-boxed elementor-section-height-default elementor-section-height-default\" data-id=\"f284a18\" data-element_type=\"section\" data-settings=\"{&quot;stretch_section&quot;:&quot;section-stretched&quot;,&quot;background_background&quot;:&quot;classic&quot;}\">\n\t\t\t\t\t\t\t<div class=\"elementor-background-overlay\"><\/div>\n\t\t\t\t\t\t\t<div class=\"elementor-container elementor-column-gap-default\">\n\t\t\t\t\t<div class=\"elementor-column elementor-col-100 elementor-top-column elementor-element elementor-element-b9369aa\" data-id=\"b9369aa\" data-element_type=\"column\">\n\t\t\t<div class=\"elementor-widget-wrap elementor-element-populated\">\n\t\t\t\t\t\t<div class=\"elementor-element elementor-element-9d1ec2f elementor-widget elementor-widget-heading\" data-id=\"9d1ec2f\" data-element_type=\"widget\" data-widget_type=\"heading.default\">\n\t\t\t\t<div class=\"elementor-widget-container\">\n\t\t\t\t\t<h1 class=\"elementor-heading-title elementor-size-default\"> ng\u01b0\u1eddi ph\u00e1t ng\u00f4n - \u0111\u1ea7u m\u1ed1i ti\u1ebfp nh\u1eadn y\u00eau c\u1ea7u cung c\u1ea5p th\u00f4ng tin<\/h1>\t\t\t\t<\/div>\n\t\t\t\t<\/div>\n\t\t\t\t<section class=\"elementor-section elementor-inner-section elementor-element elementor-element-aa6f19e elementor-section-boxed elementor-section-height-default elementor-section-height-default\" data-id=\"aa6f19e\" data-element_type=\"section\">\n\t\t\t\t\t\t<div class=\"elementor-container elementor-column-gap-default\">\n\t\t\t\t\t<div class=\"elementor-column elementor-col-50 elementor-inner-column elementor-element elementor-element-62da19e\" data-id=\"62da19e\" data-element_type=\"column\" data-settings=\"{&quot;background_background&quot;:&quot;classic&quot;}\">\n\t\t\t<div class=\"elementor-widget-wrap elementor-element-populated\">\n\t\t\t\t\t\t<div class=\"elementor-element elementor-element-83e1c98 elementor-widget elementor-widget-image\" data-id=\"83e1c98\" data-element_type=\"widget\" data-widget_type=\"image.default\">\n\t\t\t\t<div class=\"elementor-widget-container\">\n\t\t\t\t\t\t\t\t\t\t\t\t\t\t\t<img loading=\"lazy\" decoding=\"async\" width=\"1536\" height=\"2048\" src=\"https:\/\/heza.gov.vn\/wp-content\/uploads\/2025\/12\/20251226-5.webp\" class=\"attachment-full size-full wp-image-91824 not-transparent\" alt=\"\" srcset=\"https:\/\/heza.gov.vn\/wp-content\/uploads\/2025\/12\/20251226-5.webp 1536w, https:\/\/heza.gov.vn\/wp-content\/uploads\/2025\/12\/20251226-5-225x300.webp 225w, https:\/\/heza.gov.vn\/wp-content\/uploads\/2025\/12\/20251226-5-768x1024.webp 768w, https:\/\/heza.gov.vn\/wp-content\/uploads\/2025\/12\/20251226-5-1152x1536.webp 1152w\" sizes=\"auto, (max-width: 1536px) 100vw, 1536px\" data-has-transparency=\"false\" data-dominant-color=\"aebace\" style=\"--dominant-color: #aebace\" \/>\t\t\t\t\t\t\t\t\t\t\t\t\t\t\t<\/div>\n\t\t\t\t<\/div>\n\t\t\t\t\t<\/div>\n\t\t<\/div>\n\t\t\t\t<div class=\"elementor-column elementor-col-50 elementor-inner-column elementor-element elementor-element-c7fceaf\" data-id=\"c7fceaf\" data-element_type=\"column\" data-settings=\"{&quot;background_background&quot;:&quot;classic&quot;}\">\n\t\t\t<div class=\"elementor-widget-wrap elementor-element-populated\">\n\t\t\t\t\t\t<div class=\"elementor-element elementor-element-928295d elementor-widget elementor-widget-heading\" data-id=\"928295d\" data-element_type=\"widget\" data-widget_type=\"heading.default\">\n\t\t\t\t<div class=\"elementor-widget-container\">\n\t\t\t\t\t<h2 class=\"elementor-heading-title elementor-size-default\">\u00d4ng Ph\u1ea1m V\u0103n Th\u00e9p<\/h2>\t\t\t\t<\/div>\n\t\t\t\t<\/div>\n\t\t\t\t<div class=\"elementor-element elementor-element-bc80ed7 elementor-widget elementor-widget-text-editor\" data-id=\"bc80ed7\" data-element_type=\"widget\" data-widget_type=\"text-editor.default\">\n\t\t\t\t<div class=\"elementor-widget-container\">\n\t\t\t\t\t\t\t\t\t<ul><li>\u1ee6y vi\u00ean Ban Th\u01b0\u1eddng v\u1ee5 Th\u00e0nh \u1ee7y<\/li><li>Tr\u01b0\u1edfng ban Ban Qu\u1ea3n l\u00fd Khu kinh t\u1ebf H\u1ea3i Ph\u00f2ng<\/li><\/ul>\t\t\t\t\t\t\t\t<\/div>\n\t\t\t\t<\/div>\n\t\t\t\t<div class=\"elementor-element elementor-element-15645f5 onenine-icon-box__icon-position--left onenine-icon-box__icon-alignment--center elementor-widget elementor-widget-onenine-icon-box\" data-id=\"15645f5\" data-element_type=\"widget\" data-settings=\"{&quot;button_link_type&quot;:&quot;only&quot;}\" data-widget_type=\"onenine-icon-box.default\">\n\t\t\t\t<div class=\"elementor-widget-container\">\n\t\t\t\t\t\t\t<div class=\"onenine-icon-box icon-type-image \">\n\t\t\t\t\t\t\t<div class=\"onenine-icon-box__overlay\"><\/div>\n\t\t\t\t\t\t<div class=\"onenine-icon-box__icon onenine-icon-box__icon--image\">\n\t\t\t\t<img decoding=\"async\" alt=\"\u0110i\u1ec7n tho\u1ea1i: 098 3526091\" src=\"https:\/\/heza.gov.vn\/wp-content\/uploads\/2023\/06\/image-69.png\">\t\t\t<\/div>\n\t\t\t<div class=\"onenine-icon-box__wrapper\">\n\t\t\t\t\t\t\t\t\t<h6 class=\"onenine-icon-box__title\">\u0110i\u1ec7n tho\u1ea1i: 098 3526091<\/h6>\n\t\t\t\t\t\t\t\t\t\t\t<\/div>\n\t\t\t<a href=\"#\" class=\"onenine-icon-box__button\">\t\t\t\t<span class=\"onenine-svg-icon onenine-svg-icon--arrow-right\" ><svg width=\"24\" height=\"24\" aria-hidden=\"true\" role=\"img\" focusable=\"false\" viewBox=\"0 0 41 32\"><path d=\"M2.286 13.943c-1.136 0-2.057 0.921-2.057 2.057s0.921 2.057 2.057 2.057v-4.114zM40.312 17.455c0.803-0.803 0.803-2.106 0-2.909l-13.092-13.092c-0.803-0.803-2.106-0.803-2.909 0s-0.803 2.106 0 2.909l11.637 11.637-11.637 11.637c-0.803 0.803-0.803 2.106 0 2.909s2.106 0.803 2.909 0l13.092-13.092zM2.286 18.057h36.571v-4.114h-36.571v4.114z\"><\/path><\/svg><\/span>\t\t\t<\/a>\t\t\t\t\t<\/div>\n\t\t\t\t\t\t<\/div>\n\t\t\t\t<\/div>\n\t\t\t\t<div class=\"elementor-element elementor-element-37de3d3 onenine-icon-box__icon-position--left onenine-icon-box__icon-alignment--center elementor-widget elementor-widget-onenine-icon-box\" data-id=\"37de3d3\" data-element_type=\"widget\" data-settings=\"{&quot;button_link_type&quot;:&quot;only&quot;}\" data-widget_type=\"onenine-icon-box.default\">\n\t\t\t\t<div class=\"elementor-widget-container\">\n\t\t\t\t\t\t\t<div class=\"onenine-icon-box icon-type-image \">\n\t\t\t\t\t\t\t<div class=\"onenine-icon-box__overlay\"><\/div>\n\t\t\t\t\t\t<div class=\"onenine-icon-box__icon onenine-icon-box__icon--image\">\n\t\t\t\t<img decoding=\"async\" alt=\"Email: Phamvanthep@haiphong.gov.vn\" src=\"https:\/\/heza.gov.vn\/wp-content\/uploads\/2023\/06\/image-68.png\">\t\t\t<\/div>\n\t\t\t<div class=\"onenine-icon-box__wrapper\">\n\t\t\t\t\t\t\t\t\t<h6 class=\"onenine-icon-box__title\">Email: Phamvanthep@haiphong.gov.vn<\/h6>\n\t\t\t\t\t\t\t\t\t\t\t<\/div>\n\t\t\t<a href=\"#\" class=\"onenine-icon-box__button\">\t\t\t\t<span class=\"onenine-svg-icon onenine-svg-icon--arrow-right\" ><svg width=\"24\" height=\"24\" aria-hidden=\"true\" role=\"img\" focusable=\"false\" viewBox=\"0 0 41 32\"><path d=\"M2.286 13.943c-1.136 0-2.057 0.921-2.057 2.057s0.921 2.057 2.057 2.057v-4.114zM40.312 17.455c0.803-0.803 0.803-2.106 0-2.909l-13.092-13.092c-0.803-0.803-2.106-0.803-2.909 0s-0.803 2.106 0 2.909l11.637 11.637-11.637 11.637c-0.803 0.803-0.803 2.106 0 2.909s2.106 0.803 2.909 0l13.092-13.092zM2.286 18.057h36.571v-4.114h-36.571v4.114z\"><\/path><\/svg><\/span>\t\t\t<\/a>\t\t\t\t\t<\/div>\n\t\t\t\t\t\t<\/div>\n\t\t\t\t<\/div>\n\t\t\t\t<div class=\"elementor-element elementor-element-7c7cc51 elementor-widget elementor-widget-text-editor\" data-id=\"7c7cc51\" data-element_type=\"widget\" data-widget_type=\"text-editor.default\">\n\t\t\t\t<div class=\"elementor-widget-container\">\n\t\t\t\t\t\t\t\t\t<p>Quy\u1ebft \u0111\u1ecbnh v\u1ec1 vi\u1ec7c Ban h\u00e0nh quy ch\u1ebf l\u00e0m vi\u1ec7c c\u1ee7a Ban Qu\u1ea3n l\u00fd Khu kinh t\u1ebf H\u1ea3i Ph\u00f2ng <span style=\"color: #ff0000;\"><em><strong><a style=\"color: #ff0000;\" href=\"https:\/\/heza.gov.vn\/wp-content\/uploads\/2025\/10\/2884.signed.pdf\">Quy ch\u1ebf l\u00e0m vi\u1ec7c QD-BQL.signed<\/a><\/strong><\/em><\/span><\/p>\t\t\t\t\t\t\t\t<\/div>\n\t\t\t\t<\/div>\n\t\t\t\t\t<\/div>\n\t\t<\/div>\n\t\t\t\t\t<\/div>\n\t\t<\/section>\n\t\t\t\t<section class=\"elementor-section elementor-inner-section elementor-element elementor-element-a252841 elementor-section-boxed elementor-section-height-default elementor-section-height-default\" data-id=\"a252841\" data-element_type=\"section\">\n\t\t\t\t\t\t<div class=\"elementor-container elementor-column-gap-default\">\n\t\t\t\t\t<div class=\"elementor-column elementor-col-100 elementor-inner-column elementor-element elementor-element-a3eebec\" data-id=\"a3eebec\" data-element_type=\"column\">\n\t\t\t<div class=\"elementor-widget-wrap\">\n\t\t\t\t\t\t\t<\/div>\n\t\t<\/div>\n\t\t\t\t\t<\/div>\n\t\t<\/section>\n\t\t\t\t\t<\/div>\n\t\t<\/div>\n\t\t\t\t\t<\/div>\n\t\t<\/section>\n\t\t\t\t<\/div>\n\t\t","protected":false},"excerpt":{"rendered":"<p>ng\u01b0\u1eddi ph\u00e1t ng\u00f4n &#8211; \u0111\u1ea7u m\u1ed1i ti\u1ebfp nh\u1eadn y\u00eau c\u1ea7u cung c\u1ea5p th\u00f4ng tin \u00d4ng Ph\u1ea1m V\u0103n Th\u00e9p \u1ee6y vi\u00ean Ban Th\u01b0\u1eddng v\u1ee5 Th\u00e0nh \u1ee7y Tr\u01b0\u1edfng ban Ban Qu\u1ea3n l\u00fd Khu kinh t\u1ebf H\u1ea3i Ph\u00f2ng \u0110i\u1ec7n tho\u1ea1i: 098 3526091 Email: Phamvanthep@haiphong.gov.vn Quy\u1ebft \u0111\u1ecbnh v\u1ec1 vi\u1ec7c Ban h\u00e0nh quy ch\u1ebf l\u00e0m vi\u1ec7c c\u1ee7a Ban Qu\u1ea3n l\u00fd [&hellip;]<\/p>\n","protected":false},"author":1,"featured_media":0,"parent":0,"menu_order":0,"comment_status":"closed","ping_status":"closed","template":"","meta":{"_acf_changed":false,"footnotes":""},"class_list":["post-1023","page","type-page","status-publish","hentry"],"acf":[],"featured_image_url":null,"_links":{"self":[{"href":"https:\/\/heza.gov.vn\/index.php?rest_route=\/wp\/v2\/pages\/1023","targetHints":{"allow":["GET"]}}],"collection":[{"href":"https:\/\/heza.gov.vn\/index.php?rest_route=\/wp\/v2\/pages"}],"about":[{"href":"https:\/\/heza.gov.vn\/index.php?rest_route=\/wp\/v2\/types\/page"}],"author":[{"embeddable":true,"href":"https:\/\/heza.gov.vn\/index.php?rest_route=\/wp\/v2\/users\/1"}],"replies":[{"embeddable":true,"href":"https:\/\/heza.gov.vn\/index.php?rest_route=%2Fwp%2Fv2%2Fcomments&post=1023"}],"version-history":[{"count":58,"href":"https:\/\/heza.gov.vn\/index.php?rest_route=\/wp\/v2\/pages\/1023\/revisions"}],"predecessor-version":[{"id":91827,"href":"https:\/\/heza.gov.vn\/index.php?rest_route=\/wp\/v2\/pages\/1023\/revisions\/91827"}],"wp:attachment":[{"href":"https:\/\/heza.gov.vn\/index.php?rest_route=%2Fwp%2Fv2%2Fmedia&parent=1023"}],"curies":[{"name":"wp","href":"https:\/\/api.w.org\/{rel}","templated":true}]}}